{"version":"1.0","provider_name":"ESMONO - Otto Hegnauer&#039;s Schule f\u00fcr Strassenkinder in Haiti","provider_url":"http:\/\/archiv.esmono.ch\/fr","author_name":"Christine Fischer","author_url":"http:\/\/archiv.esmono.ch\/fr\/author\/christine\/","title":"Professionelle Klassenfotos aus dem Schuljahr 2018\/19 - ESMONO - Otto Hegnauer&#039;s Schule f\u00fcr Strassenkinder in Haiti","type":"rich","width":600,"height":338,"html":"<blockquote class=\"wp-embedded-content\"><a href=\"http:\/\/archiv.esmono.ch\/fr\/professionelle-klassenfotos-aus-dem-schuljahr-2018-19\/\">Professionelle Klassenfotos aus dem Schuljahr 2018\/19<\/a><\/blockquote>\n<script type='text\/javascript'>\n<!--\/\/--><![CDATA[\/\/><!--\n\t\t\/*! This file is auto-generated *\/\n\t\t!function(d,l){\"use strict\";var e=!1,n=!1;if(l.querySelector)if(d.addEventListener)e=!0;if(d.wp=d.wp||{},!d.wp.receiveEmbedMessage)if(d.wp.receiveEmbedMessage=function(e){var t=e.data;if(t)if(t.secret||t.message||t.value)if(!\/[^a-zA-Z0-9]\/.test(t.secret)){for(var r,i,a,s=l.querySelectorAll('iframe[data-secret=\"'+t.secret+'\"]'),n=l.querySelectorAll('blockquote[data-secret=\"'+t.secret+'\"]'),o=new RegExp(\"^https?:$\",\"i\"),c=0;c<n.length;c++)n[c].style.display=\"none\";for(c=0;c<s.length;c++)if(r=s[c],e.source===r.contentWindow){if(r.removeAttribute(\"style\"),\"height\"===t.message){if(1e3<(a=parseInt(t.value,10)))a=1e3;else if(~~a<200)a=200;r.height=a}if(\"link\"===t.message)if(i=l.createElement(\"a\"),a=l.createElement(\"a\"),i.href=r.getAttribute(\"src\"),a.href=t.value,o.test(a.protocol))if(a.host===i.host)if(l.activeElement===r)d.top.location.href=t.value}}},e)d.addEventListener(\"message\",d.wp.receiveEmbedMessage,!1),l.addEventListener(\"DOMContentLoaded\",t,!1),d.addEventListener(\"load\",t,!1);function t(){if(!n){n=!0;for(var e,t,r=-1!==navigator.appVersion.indexOf(\"MSIE 10\"),i=!!navigator.userAgent.match(\/Trident.*rv:11\\.\/),a=l.querySelectorAll(\"iframe.wp-embedded-content\"),s=0;s<a.length;s++){if(!(e=a[s]).getAttribute(\"data-secret\"))t=Math.random().toString(36).substr(2,10),e.src+=\"#?secret=\"+t,e.setAttribute(\"data-secret\",t);if(r||i)(t=e.cloneNode(!0)).removeAttribute(\"security\"),e.parentNode.replaceChild(t,e)}}}}(window,document);\n\/\/--><!]]>\n<\/script><iframe sandbox=\"allow-scripts\" security=\"restricted\" src=\"http:\/\/archiv.esmono.ch\/fr\/professionelle-klassenfotos-aus-dem-schuljahr-2018-19\/embed\/\" width=\"600\" height=\"338\" title=\"\u00ab\u00a0Professionelle Klassenfotos aus dem Schuljahr 2018\/19\u00a0\u00bb &#8212; ESMONO - Otto Hegnauer&#039;s Schule f\u00fcr Strassenkinder in Haiti\" frameborder=\"0\" marginwidth=\"0\" marginheight=\"0\" scrolling=\"no\" class=\"wp-embedded-content\"><\/iframe>","thumbnail_url":"http:\/\/archiv.esmono.ch\/wp-content\/uploads\/image8.jpeg","thumbnail_width":856,"thumbnail_height":1080,"description":"Die Klassenfotos der ESMONO dokumentieren die Klassengr\u00f6ssen und zeigen einen Teil &nbsp;des Lehrk\u00f6rpers. Vermehrt konnten auch unterrichtende M\u00e4nner angeworben werden. In den wohl verdienten Ferien musste nach einem Unwetter, das just zum Schuljahresschluss das Dach des zweiten Schulhauses zerst\u00f6rte, ein sichereres Dachkonstrukt aus Beton erstellt werden. So k\u00f6nnen alle diese Klassen nach den Ferien wieder ihre Lehrarbeit aufnehmen. Und sich auf eine Zukunft mit fundierter Bildung freuen, die u.a. sicher mithelfen wird, das geplagte Land langsam aus der Misere heraus zu man\u00f6vrieren. Sch\u00f6n, k\u00f6nnen wir alle sie dabei unterst\u00fctzen. Danke!"}

ESMONO - Otto Hegnauer&#039;s Schule für Strassenkinder in Haiti

Professionelle Klassenfotos aus dem Schuljahr 2018/19 - ESMONO - Otto Hegnauer&#039;s Schule für Strassenkinder in Haiti

<blockquote class="wp-embedded-content"><a href="http://archiv.esmono.ch/fr/professionelle-klassenfotos-aus-dem-schuljahr-2018-19/">Professionelle Klassenfotos aus dem Schuljahr 2018/19</a></blockquote>
<script type='text/javascript'>
<!--//--><![CDATA[//><!--
		/*! This file is auto-generated */
		!function(d,l){"use strict";var e=!1,n=!1;if(l.querySelector)if(d.addEventListener)e=!0;if(d.wp=d.wp||{},!d.wp.receiveEmbedMessage)if(d.wp.receiveEmbedMessage=function(e){var t=e.data;if(t)if(t.secret||t.message||t.value)if(!/[^a-zA-Z0-9]/.test(t.secret)){for(var r,i,a,s=l.querySelectorAll('iframe[data-secret="'+t.secret+'"]'),n=l.querySelectorAll('blockquote[data-secret="'+t.secret+'"]'),o=new RegExp("^https?:$","i"),c=0;c<n.length;c++)n[c].style.display="none";for(c=0;c<s.length;c++)if(r=s[c],e.source===r.contentWindow){if(r.removeAttribute("style"),"height"===t.message){if(1e3<(a=parseInt(t.value,10)))a=1e3;else if(~~a<200)a=200;r.height=a}if("link"===t.message)if(i=l.createElement("a"),a=l.createElement("a"),i.href=r.getAttribute("src"),a.href=t.value,o.test(a.protocol))if(a.host===i.host)if(l.activeElement===r)d.top.location.href=t.value}}},e)d.addEventListener("message",d.wp.receiveEmbedMessage,!1),l.addEventListener("DOMContentLoaded",t,!1),d.addEventListener("load",t,!1);function t(){if(!n){n=!0;for(var e,t,r=-1!==navigator.appVersion.indexOf("MSIE 10"),i=!!navigator.userAgent.match(/Trident.*rv:11\./),a=l.querySelectorAll("iframe.wp-embedded-content"),s=0;s<a.length;s++){if(!(e=a[s]).getAttribute("data-secret"))t=Math.random().toString(36).substr(2,10),e.src+="#?secret="+t,e.setAttribute("data-secret",t);if(r||i)(t=e.cloneNode(!0)).removeAttribute("security"),e.parentNode.replaceChild(t,e)}}}}(window,document);
//--><!]]>
</script><iframe sandbox="allow-scripts" security="restricted" src="http://archiv.esmono.ch/fr/professionelle-klassenfotos-aus-dem-schuljahr-2018-19/embed/" width="600" height="338" title="« Professionelle Klassenfotos aus dem Schuljahr 2018/19 » &#8212; ESMONO - Otto Hegnauer&#039;s Schule für Strassenkinder in Haiti" frameborder="0" marginwidth="0" marginheight="0" scrolling="no" class="wp-embedded-content"></iframe>

Die Klassenfotos der ESMONO dokumentieren die Klassengrössen und zeigen einen Teil &nbsp;des Lehrkörpers. Vermehrt konnten auch unterrichtende Männer angeworben werden. In den wohl verdienten Ferien musste nach einem Unwetter, das just zum Schuljahresschluss das Dach des zweiten Schulhauses zerstörte, ein sichereres Dachkonstrukt aus Beton erstellt werden. So können alle diese Klassen nach den Ferien wieder ihre Lehrarbeit aufnehmen. Und sich auf eine Zukunft mit fundierter Bildung freuen, die u.a. sicher mithelfen wird, das geplagte Land langsam aus der Misere heraus zu manövrieren. Schön, können wir alle sie dabei unterstützen. Danke!
